mmon factor of t and n?
19
Let j(g) = g**3 - 2*g**2 + 5*g - 7. Let p be j(4). What is the highest common factor of p and 765?
45
Let r = -68 - -88. Calculate the highest common factor of 740 and r.
20
Let o(u) = 3*u**2 + 8*u - 8. Let r be o(-8). Suppose 0 = 4*i - 4*w - r, w + 28 = i - w. Let h = 53 - i. What is the highest common divisor of 21 and h?
21
Suppose 68 = 3*k - k. Let g be (2 - (-583)/7) + (-16)/56. What is the greatest common divisor of k and g?
17
Let l = 23 - 4. Let q be 20/(-8)*4/(-2) - -90. What is the highest common factor of l and q?
19
Let z be 88/((2 + 0)/(-2)). Let l = -32 - z. What is the greatest common factor of l and 14?
14
Let z(d) = d**3 + 2*d**2 + 8. Let r(m) = 5*m**3 + 10*m**2 + 40. Let x(q) = -2*r(q) + 11*z(q). Let p be x(0). What is the greatest common factor of 8 and p?
8
Let q(n) = n**2 - 3*n - 4. Let z be q(-2). Let o be 27/z + 1/(-2). What is the highest common divisor of o and 28?
4
Suppose -5*o = 3*h + 17, 5*h - 21 = 5*o + 4. Let i be h/(-3) + ((-76)/3)/(-4). What is the highest common divisor of i and 66?
6
Let z(a) be the third derivative of a**5/60 + a**4/24 + 8*a**3/3 + 3*a**2. Let k be z(0). What is the greatest common divisor of 32 and k?
16
Let h = -19 - -47. Suppose -3*v = -2*u - 116, -3*v + 148 = v - 4*u. What is the highest common factor of h and v?
14
Suppose 11*l + 109 = -452. Let v = l - -52. What is the highest common factor of v and 3?
1
Let v(o) = -o**2 - o + 1. Let m(d) = -5*d**2 + 23*d + 2. Let b(j) = -m(j) + 4*v(j). Let q be b(28). Calculate the highest common divisor of 6 and q.
6
Let s = -90 - -58. Let u = 60 + s. Calculate the highest common divisor of u and 42.
14
Let k be (0 - -2)/(1/3). Suppose -4*m + m = -k. What is the greatest common divisor of 4 and m?
2
Let s = 326 + -136. Calculate the highest common factor of 10 and s.
10
Let b be 1*-3*10/(-3). Let v(w) = w**3 + 7*w**2 + 5*w + 4. Let j be v(-6). Calculate the greatest common divisor of j and b.
10
Let c = -226 + 350. What is the highest common factor of 217 and c?
31
Let r = 30 + -27. Suppose 3 = r*k - 2*k. What is the highest common divisor of k and 1?
1
Suppose -2*y + 6*y = 5*n + 20, -5*n + 20 = 0. Let i = -55 + 59. Suppose 3*c + i - 35 = -w, 4*c + w - 41 = 0. What is the greatest common divisor of c and y?
10
Suppose -8*n = -13*n + 20. Suppose -z = -2*z - n*b + 43, -116 = -3*z + b. Calculate the highest common factor of z and 3.
3
Let f = 47 - 47. Suppose -2*y + 6 = f, -5*b = -4*b + y - 16. Calculate the highest common factor of 65 and b.
13
Suppose -3*m - 3*y = -2043, 1327 = 2*m + 68*y - 73*y. Calculate the highest common factor of m and 26.
26
Let d(t) = t - 5. Let x be d(-15). Let v = 35 + x. Suppose 0*q - q = -v. Calculate the greatest common divisor of q and 135.
15
Let l be (50/35)/(1/14). Suppose 5*m - 55 = 5. Calculate the highest common factor of l and m.
4
Let y = 17 - 14. Suppose 0*r - y*r = 3*m, 0 = 2*m + 10. Suppose -p + 77 = q, -r*q = -p + 45 + 2. Calculate the highest common factor of 9 and p.
9
Suppose -6*c - 5265 = -21*c. Let o be (c/45 + (-1)/(-5))*1. Calculate the highest common factor of o and 24.
8
Suppose -2*u = -612 + 156. Let v be u/(-44) + (-10)/(-55). Let y = v + 9. What is the highest common divisor of 28 and y?
4
Let p(a) = 15*a. Let d(m) = 4*m. Let x(z) = 22*d(z) - 6*p(z). Let h be x(-6). What is the greatest common factor of 12 and h?
12
Let x(s) = 18*s**2 + 24*s - 80. Let v be x(4). What is the highest common factor of 19 and v?
19
Let v = -587 + 666. What is the highest common factor of 395 and v?
79
Suppose -3*u + 24 = -2*d, 7 = 2*u - 3*d - 9. Suppose -u*r + 4*r + 96 = 0. What is the highest common divisor of r and 40?
8
Let j = 2329 - 2208. Suppose -5*f + 27 = -28. Calculate the greatest common factor of j and f.
11
Let t = 956 - 571. Calculate the highest common divisor of 5 and t.
5
Let v = 175 + -130. Calculate the greatest common divisor of 5 and v.
5
Let u(j) = -j**3 - 9*j**2 - 9*j + 10. Let b be u(-8). Let z = 23 - -4. Calculate the highest common factor of z and b.
9
Let s(j) = 378*j + 38. Let f be s(1). What is the greatest common divisor of f and 96?
32
Suppose -38*d + 79*d = 3116. What is the highest common divisor of d and 247?
19
Let i = 163 + -58. Suppose 0 = -n + 35 + 35. What is the greatest common factor of n and i?
35
Suppose -7*w + 0*w = -91. Let a = -45 + 188. Calculate the highest common factor of w and a.
13
Suppose -3*g - 3*g = -114. Let t = 356 + -185. What is the highest common divisor of g and t?
19
Let j(q) = -q**3 - q**2 + 6*q - 1. Let t be (-36)/(-6) + -3 + 2. Let o be j(t). Let g = -65 - o. What is the greatest common factor of g and 14?
14
Let m(c) = 4*c**2 - 4*c - 3*c - 3*c**2. Let n be m(9). Calculate the highest common factor of n and 144.
18
Let y = -38 - -73. Suppose -y*r + 33*r = -16. Calculate the greatest common divisor of 1 and r.
1
Suppose -5*l - 15 = 0, 2*m + l = -3*m - 5898. Let y be 2/6 - m/27. Calculate the highest common factor of 11 and y.
11
Suppose -4*p + 8*p - 2*s - 336 = 0, -4*p - 2*s = -336. Let f(k) = -k**3 + 3*k**2 + 5*k - 3. Let z be f(3). Calculate the greatest common factor of z and p.
12
Suppose 2*l + l - 42 = 0. Let a be (30/20)/(3/140). Calculate the highest common factor of a and l.
14
Let u(m) = 7*m + 9. Let b be u(-1). Let w(g) = g**3 - 6*g**2 + 4*g - 8. Let l be w(6). What is the highest common divisor of l and b?
2
Let a(b) = -12*b**3 + 62*b**2 + 10*b - 16. Let n be a(5). What is the highest common divisor of 35 and n?
7
Let y(l) = -2*l**2 + 10*l + 14. Let t be y(6). Suppose -28 = t*q - 4*q. Let g be (-113 + 1)*4/(-4). Calculate the greatest common divisor of q and g.
14
Let b = 8 - 4. Suppose 3*w - 4*p + 139 = 352, -b*w + 284 = p. Suppose -73 = -2*i + w. Calculate the highest common factor of i and 48.
24
Let g = -170 + 190. Calculate the highest common divisor of g and 390.
10
Suppose -71*q = -43*q - 15400. Calculate the greatest common divisor of q and 10.
10
Let j(i) = -113*i - 11. Let f be j(-3). Calculate the greatest common divisor of 410 and f.
82
Let r be (-1 - (-2)/4) + (-42)/28. Let y = 34 - r. What is the greatest common factor of y and 4?
4
Let b be -20*((-6)/(-9))/((-4)/3). Let f be b/45 + (-3)/((-27)/304). What is the greatest common divisor of 170 and f?
34
Suppose -2*j = -g + 12, -5*j + j - 32 = -4*g. Suppose 4*d - 4 = 0, 2*i - 6 - 14 = -g*d. Calculate the greatest common factor of 8 and i.
8
Let x(l) = -2*l**3 + 51*l**2 - 23*l + 27. Let z be x(25). Calculate the greatest common divisor of z and 91.
7
Let g be 3 + -5 - (-18 + -22). Calculate the highest common factor of 38 and g.
38
Let j be 0/(-1) + (-61)/((-1342)/264). Calculate the highest common factor of 1452 and j.
12
Let q = 269 - 189. Suppose -6*n = -12*n + 60. Calculate the highest common factor of n and q.
10
Suppose -2*f + 12 = 4*f. Let u be 30 - (-1 - (f + -4)). Let g = 673 - 441. Calculate the highest common factor of u and g.
29
Let w be (9/(-6))/((-12)/52)*2. Suppose w*z + 88 = 14*z. What is the greatest common factor of z and 8?
8
Let z be (6/(-9))/((-2)/60). Let h = -11 + 17. Suppose 775 = 5*g + 5*k, h*k - k - 135 = -g. Calculate the greatest common factor of g and z.
20
Let g = 430 - 268. Suppose 5*r + 2*x = 88, 5*x = -4*r + 3*x + 70. What is the highest common factor of g and r?
18
Suppose 4*k - 377 = 3*k. Suppose k = 7*s - 183. Calculate the highest common factor of 16 and s.
16
Let f = -136 - -201. What is the greatest common factor of f and 91?
13
Suppose 0 = 4*i - 3*i - 2. Let h be -26*(i/(-6) + (-4)/6). Calculate the highest common divisor of h and 13.
13
Suppose 0 = 132*r - 130*r - 4. Suppose 168 = r*l + 6*l. What is the greatest common divisor of l and 231?
21
Let s(n) = 5*n - 3. Let b be s(1). Let w be (154 - 8) + (-1 + -1)/b. Calculate the greatest common divisor of w and 29.
29
Suppose 5*q = 67*x - 63*x - 375, 0 = 2*x - 3*q - 185. What is the greatest common factor of x and 725?
25
Suppose 197 = 5*w + a, -6*w + 7*w = -a + 37. Suppose 0 = 25*d - 2624 - 2376. Calculate the highest common factor of d and w.
40
Suppose -n + 11 = -0. Suppose 6*z - 3*z = 132. Calculate the greatest common divisor of z and n.
11
Let g = 183 - 138. What is the greatest common divisor of 27 and g?
9
Let x be 4 + 231/(7 + 4). Suppose -d + 2 + 3 = 0. Wha